 divisor of 19558 and 154?
154
Calculate the highest common divisor of 481 and 195.
13
Calculate the greatest common divisor of 33 and 616.
11
What is the highest common factor of 1105 and 2975?
85
What is the highest common divisor of 1365 and 30?
15
What is the greatest common factor of 42 and 28?
14
What is the highest common factor of 6 and 166?
2
Calculate the highest common factor of 350 and 70.
70
What is the highest common divisor of 611 and 247?
13
What is the highest common divisor of 33 and 22?
11
Calculate the highest common divisor of 25605 and 45.
45
What is the greatest common divisor of 24 and 168?
24
Calculate the greatest common factor of 88 and 484.
44
What is the greatest common factor of 486 and 2?
2
What is the greatest common factor of 624 and 84?
12
What is the highest common factor of 36 and 396?
36
What is the greatest common factor of 550 and 1525?
25
Calculate the greatest common divisor of 224 and 14.
14
Calculate the highest common factor of 5835 and 45.
15
Calculate the highest common factor of 48 and 64.
16
Calculate the greatest common factor of 119 and 12019.
119
Calculate the greatest common factor of 198 and 90.
18
Calculate the highest common divisor of 531 and 59.
59
What is the highest common divisor of 242 and 22?
22
What is the highest common divisor of 14 and 721?
7
Calculate the greatest common divisor of 4 and 3524.
4
Calculate the highest common divisor of 21 and 189.
21
What is the highest common factor of 11865 and 525?
105
Calculate the greatest common divisor of 2570 and 30.
10
What is the greatest common factor of 1040 and 250?
10
Calculate the greatest common divisor of 173 and 13667.
173
What is the greatest common factor of 342 and 954?
18
What is the greatest common divisor of 17618 and 138?
46
What is the greatest common divisor of 33 and 6886?
11
What is the greatest common divisor of 84 and 126?
42
What is the highest common divisor of 883 and 1?
1
Calculate the highest common divisor of 1 and 1429.
1
Calculate the highest common divisor of 104 and 130.
26
What is the greatest common factor of 6771 and 111?
111
What is the greatest common factor of 11055 and 495?
165
What is the greatest common divisor of 57 and 969?
57
Calculate the greatest common divisor of 80 and 100.
20
What is the greatest common factor of 3294 and 6954?
366
What is the greatest common divisor of 812 and 1508?
116
Calculate the highest common divisor of 976 and 16.
16
Calculate the greatest common factor of 80 and 1910.
10
Calculate the greatest common divisor of 1830 and 3538.
122
Calculate the highest common divisor of 10 and 2920.
10
Calculate the highest common factor of 1462 and 34.
34
Calculate the highest common factor of 56 and 16.
8
What is the highest common divisor of 4805 and 5?
5
Calculate the highest common factor of 15368 and 24.
8
What is the highest common factor of 94 and 20962?
94
What is the greatest common factor of 64 and 432?
16
Calculate the highest common factor of 96 and 5664.
96
What is the highest common divisor of 5724 and 108?
108
What is the highest common divisor of 24 and 24?
24
What is the highest common factor of 2 and 82?
2
Calculate the highest common divisor of 414 and 5934.
138
What is the greatest common divisor of 441 and 245?
49
Calculate the highest common factor of 50 and 125.
25
Calculate the greatest common factor of 735 and 14.
7
What is the greatest common factor of 350 and 280?
70
What is the highest common factor of 18 and 486?
18
What is the highest common divisor of 102 and 2482?
34
Calculate the highest common factor of 45 and 36.
9
Calculate the greatest common factor of 13 and 22399.
13
Calculate the highest common factor of 80 and 1376.
16
What is the highest common factor of 8 and 28?
4
Calculate the highest common factor of 72 and 9432.
72
What is the highest common factor of 37609 and 286?
143
Calculate the highest common factor of 36 and 60.
12
Calculate the greatest common factor of 611 and 156.
13
What is the greatest common factor of 40 and 6090?
10
Calculate the greatest common divisor of 920 and 360.
40
What is the highest common factor of 330 and 22?
22
Calculate the greatest common divisor of 595 and 51.
17
Calculate the highest common divisor of 1043 and 63.
7
Calculate the highest common factor of 324 and 396.
36
What is the highest common factor of 11397 and 87?
87
What is the greatest common divisor of 232 and 32?
8
What is the greatest common divisor of 856 and 24?
8
What is the highest common factor of 16675 and 46?
23
Calculate the highest common divisor of 9079 and 7.
7
Calculate the greatest common divisor of 1076 and 4.
4
What is the greatest common divisor of 189 and 4032?
63
Calculate the highest common divisor of 2 and 91.
1
Calculate the greatest common factor of 1004 and 16.
4
What is the highest common divisor of 2 and 64?
2
Calculate the greatest common factor of 220 and 836.
44
Calculate the greatest common factor of 1320 and 180.
60
What is the greatest common factor of 32 and 992?
32
Calculate the greatest common divisor of 15 and 60.
15
What is the greatest common divisor of 62 and 155?
31
What is the greatest common divisor of 1170 and 45?
45
What is the greatest common factor of 105 and 30?
15
Calculate the highest common divisor of 1309 and 33.
11
Calculate the highest common factor of 152 and 836.
76
Calculate the highest common factor of 121 and 44.
11
Calculate the highest common divisor of 20 and 5620.
20
What is the greatest common divisor of 11778 and 26?
26
What is the highest common divisor of 147 and 22393?
49
What is the highest common factor of 325 and 39?
13
Calculate the highest common factor of 438 and 12.
6
What is the greatest common factor of 228 and 108?
12
Calculate the highest common factor of 686 and 7.
7
Calculate the greatest common factor of 34 and 3298.
34
What is the highest common factor of 6556 and 44?
44
Calculate the greatest common factor of 17 and 1649.
17
What is the highest common factor of 24 and 156?
12
Calculate the greatest common factor of 1 and 3.
1
What is the highest common factor of 531 and 118?
59
Calculate the greatest common factor of 41209 and 203.
203
What is the highest common divisor of 177 and 413?
59
What is the greatest common factor of 468 and 684?
36
What is the highest common divisor of 12 and 5826?
6
What is the greatest common factor of 1120 and 2296?
56
What is the highest common factor of 790 and 610?
10
What is the highest common divisor of 48 and 762?
6
What is the greatest common divisor of 1176 and 441?
147
What is the greatest common factor of 69 and 345?
69
Calculate the highest common divisor of 10355 and 95.
95
What is the highest common factor of 6976 and 128?
64
Calculate the highest common divisor of 117 and 432.
9
Calculate the greatest common factor of 138 and 390.
6
What is the greatest common divisor of 72 and 504?
72
Calculate the greatest common divisor of 3609 and 27.
9
What is the highest common divisor of 61 and 4087?
61
What is the highest common divisor of 243 and 1557?
9
Calculate the highest common divisor of 27 and 18.
9
What is the greatest common factor of 162 and 12?
6
What is the highest common factor of 12 and 600?
12
What is the greatest common divisor of 740 and 20?
20
Calculate the highest common factor of 51 and 1853.
17
Calculate the greatest common factor of 65 and 55.
5
Calculate the highest common divisor of 57 and 1159.
19
What is the greatest common divisor of 225 and 1025?
25
What is the greatest common divisor of 6 and 12?
6
Calculate the highest common divisor of 3804 and 12.
12
Calculate the greatest common factor of 15 and 480.
15
What is the greatest common factor of 3113 and 220?
11
What is the highest common divisor of 51 and 7599?
51
Calculate the greatest common divisor of 2 and 7.
1
Calculate the highest common factor of 19 and 1691.
19
What is the greatest common divisor of 224 and 288?
32
Calculate the highest common factor of 60 and 285.
15
Calculate the greatest common divisor of 1160 and 80.
40
Calculate the highest common divisor of 15000 and 150.
150
Calculate the greatest common factor of 363 and 297.
33
Calculate the greatest common factor of 18 and 279.
9
What is the greatest common factor of 12129 and